hat is (11 - 10) + 0 + -1?
0
Evaluate -1 + 0 + (-15 - -20).
4
Evaluate 0 - (0 - (-10 + 2 + 3)).
-5
What is 1 + (5 - 4 - -2)?
4
What is the value of -3 - (4 + (-3 + 2 - 3))?
-3
What is 4 - (11 - 0 - 7)?
0
What is the value of -7 + 14 - (-3 + 8)?
2
What is the value of 0 + -1 + (-4 - 0)?
-5
5 - 3 - 1 - 0
1
What is the value of -2 - ((-1 - -2) + -3 - 3)?
3
What is the value of (-2 - -3) + -17 + 10 - -1?
-5
What is (-2 - ((0 - 3) + -1)) + -3?
-1
Calculate (-5 - (1 + -6)) + -3 + 0.
-3
Evaluate 5 + 3 + (-13 - -3).
-2
Calculate 5 + -1 - (-9 + 10).
3
What is -3 - (3 - (-1 + 9))?
2
7 + (-1 - 11) - 1
-6
What is 6 - (8 - (6 - (9 - 2)))?
-3
-3 + (-23 + 26 - (1 - -3))
-4
5 + (5 - 2 - 6)
2
What is (1 + -2 - 2) + (1 - -1)?
-1
1 - (-4 - (1 + 1 + -4))
3
What is the value of 7 - (11 + -6 - 0)?
2
Evaluate 16 - (3 + -2) - (8 - 2).
9
-1 + 1 + 17 + -9 + -6
2
What is the value of 4 + -8 + (0 - -1)?
-3
-1 - 5 - (-25 + 17)
2
What is the value of -1 + 2 + 6 + -3?
4
What is the value of -3 - (-9 + -2 + (-2 - -6))?
4
Evaluate -5 + -3 + 3 - -11.
6
-17 + -3 + 12 + 0 + -1
-9
-3 + 0 + (27 - 24) + 1
1
What is the value of (1 - 1) + (-17 - -17)?
0
What is the value of 4 + (6 - 7 - (0 - -4))?
-1
Calculate (8 - (-8 - -9)) + -4.
3
What is the value of -30 + 35 - (-3 + 6)?
2
What is the value of 13 + -4 - (5 - -2)?
2
What is the value of -1 - (-4 + 1) - -5?
7
Evaluate 6 + -9 + 5 - -6.
8
Evaluate (-3 - (4 + -5)) + (3 - 2).
-1
What is 8 - 13 - -2 - -2?
-1
Evaluate -6 - (-4 + (0 - -3) + -1).
-4
Calculate -4 + 8 + -6 + 5.
3
0 + -1 + (6 - 0)
5
Calculate (1 - 8) + (-20 - -24).
-3
Calculate 2 + 1 - 2 - -2.
3
What is the value of -3 - (-2 + (-2 - -1))?
0
What is (3 - (-3 - -1)) + -5 + 1?
1
-2 + 0 - (18 - 20)
0
What is the value of -11 - -10 - (1 + -3 + -1)?
2
Calculate (68 - 74) + (-1 - -11 - -1).
5
What is the value of 14 - (-12 + -3 - -24)?
5
Evaluate 0 - -10 - (1 - -8).
1
What is (-13 - -2) + (-9 - -26)?
6
What is (114 - 109) + (1 - 1) + -3?
2
Evaluate 1 - (1 + -9) - (1 - -3).
5
Evaluate -5 - (-7 + 6 + -4 + 2).
-2
Evaluate 1 - (-3 + -1 + 9).
-4
What is -9 + -2 + (2 - -2 - 1)?
-8
Calculate 1 - (0 + -2) - (10 + -8).
1
10 + (-3 - 1 - 2) + 2
6
What is the value of -5 + -1 - -1 - -10?
5
-4 - (6 - (12 - 0)) - -4
6
What is the value of (1 - -6 - 21) + 8?
-6
1 - ((-5 + -1 - -3) + 8)
-4
What is the value of -4 - (-7 + (-1 - (0 - 5)))?
-1
-3 - 0 - (-20 - -19) - 3
-5
-6 + 17 - 21 - -12
2
What is the value of -3 + 8 + -6 - 4?
-5
Calculate 6 + -3 + 0 + 4 + 0.
7
0 + 0 + 0 + 4
4
What is the value of 2 - 7 - -2 - -2?
-1
What is the value of 10 + -7 + -3 - -2?
2
What is the value of (-2 - -1) + 6 + -9 - -8?
4
-2 + -1 - (3 - 2)
-4
1 + (2 - -9 - 13)
-1
Evaluate 1 - (-5 - (-14 - -10)).
2
What is the value of -1 - (9 + -4 - 2)?
-4
4 + -3 + 0 + 5
6
What is the value of 2 + (1 - 2) + -8 + 7?
0
Evaluate -7 + 1 + (3 - 4).
-7
What is -8 - (-6 + -1 - -2)?
-3
What is 2 + (-4 - 1) - 0?
-3
What is 0 - 5 - (-9 + (-3 - -6))?
1
What is the value of 3 - (4 + -1 + -7 + 8)?
-1
Calculate -4 + 4 + (2 - -1).
3
What is -1 - (-1 - 2 - -1)?
1
(12 - 25) + 9 + 3
-1
What is the value of (-3 - -10) + -22 + 17?
2
What is the value of -6 - -4 - -1 - -5 - 3?
1
(-6 - -4) + (1 - -2)
1
Calculate -8 - (1 - 9 - -6).
-6
What is 0 - (-4 + 1 + 3)?
0
6 - 2 - (10 + -4)
-2
What is 3 + 0 + (13 + -24 - -3)?
-5
What is -3 + 1 - (19 + -19) - -2?
0
What is 5 + -4 - (0 + -1)?
2
What is the value of (-6 - 0) + (-8 - -13)?
-1
What is 12 - 11 - (0 + -4)?
5
Calculate -1 + 3 - ((-8 - -9) + -3).
4
What is the value of (-5 - -6 - -15) + -8?
8
Calculate 15 + (-5 - 1) - 7.
2
Evaluate -9 + 6 + (11 - 4).
4
What is the value of 0 + -5 + 8 + (-2 - 3)?
-2
0 + -2 - -1 - -1
0
What is the value of -1 + (-2 - -3) + -4?
-4
What is the value of 1 + 5 - (12 - 11)?
5
What is the value of (1 - 9 - -9) + 5?
6
Calculate -9 + -9 + -11 + 25.
-4
Calculate 8 + (6 - 21) + 9.
2
Calculate (-6 + 0 + 4 - -3) + -5.
-4
What is -6 + -4 + 8 + -6 - -4?
-4
Calculate (0 - (-5 - 2)) + -7.
0
3 + -4 - -5 - 2 - 3
-1
1 - (8 - -3) - -9
-1
Evaluate -5 - -2 - -1 - (25 + -26).
-1
What is 0 + -1 - ((-2 - -5) + -2)?
-2
0 + (-11 - -7) - (3 + 2)
-9
Evaluate (1 - -3) + -18 + 18.
4
Calculate -4 + 1 - (1 - (-8 + 8)).
-4
What is -5 + 1 + 3 + -5 + 4?
-2
What is the value of (-1 - (2 - 4) - 3) + 3?
1
What is (12 - 13) + 1 + -1 + 4?
3
Evaluate -3 - (0 + -2 - 8).
7
(-3 + 3 - -5 - 0) + -2
3
What is 0 - (-1 + -2 + 2)?
1
10 - 11 - (0 - -1 - -1)
-3
What is 0 - -2 - -4 - (4 - 1)?
3
Evaluate -4 + 6 - (-2 + 0).
4
Calculate (5 - 1) + (0 - 7).
-3
Evaluate 0 - (-4 + 5 + -2 - -3).
-2
What is the value of (-2 - 1) + 9 + (-4 - -1)?
3
-31 + 32 + (0 - -3)
4
What is the value of -11 - -7 - (2 + -9) - -3?
6
-17 + 5 + 26 + -4 + -1
9
What is the value of -4 + 9 + -5 + 4 + 1?
5
What is 0 + 1 + (12 - 27 - -15)?
1
Calculate (-1 - (-3 + (5 - 3))) + -7.
-7
Calculate (1 - -5) + 0 - 7.
-1
What is the value of 8 + -4 - (9 - 14)?
9
Evaluate 2 + 1 - (1 + -1).
3
Calculate (89 - 93) + (1 - -3).
0
What is the value of 1 + 2 + (-1 - 5) + 4?
1
8 + 0 + 0 + -4
4
Calculate 1 + -3 + 1 + -4.
-5
Calculate 0 + 0 + -3 + 2 + -4.
-5
Calculate -4 - (5 + -4 + 4).
-9
What is -14 - -2 - (-70 - -51)?
7
9 - 5 - -2 - 6
0
What is the value of 1 - (-4 - -14) - (-1 + 0)?
-8
What is the value of -1 + 0 - (-7 + (-1 - -4))?
3
What is the value of 6 + -1 + -7 + 5?
3
What is the value of 1 + (1 + 1 - (2 + 3))?
-2
What is the value of -3 + 0 - -1 - (-3 + -4)?
5
Evaluate 5 + -7 + 3 + -7 + 8.
2
What is 0 - -2 - (-13 - (-10 - 5))?
0
What is the value of -7 - (-3 + 4) - (-1 + -4)?
-3
Evaluate -5 - -4 - (9 + -1 + -4).
-5
Calculate 5 + -8 + 5 + -5.
-3
Evaluate -7 + (5 - 13) + 18.
3
What is the value of 1 + (4 - (3 + 3 + -5))?
4
What is the value of 5 + (-7 - -15) + -6?
7
Evaluate 4 + (0 + 0 - (-45 + 48)).
1
What is the value of (-4 - (-1 - -8) - -7) + 7?
3
What is the value of 6 - ((-5 - -2 - -4) + 0)?
5
What is -4 + -1 + 9 + -1?
3
What is 2 - 6 - (-4 + 3)?
-3
What is -1 + (0 - 3 - -9) + 2?
7
-4 + 8 + -10 - (-4 + 2)
-4
Calculate -11 - -13 - (0 + 2) - 3.
-3
(0 - (1 + -1)) + (3 - 6)
-3
What is (13 - (-1 + 6)) + -5?
3
Evaluate -28 + 26 + (-1 - -3).
0
(1 - -3) + (1 - (13 - 8))
0
Calculate -2 + 2 + -9 + 6.
-3
0 + -1 + -28 + 14 + 24
9
What is 5 + -7 - (-1 + -2)?
1
Evaluate 4 + 1 - (11 - 3).
-3
What is the value of (2 - -3) + -3 + 1 + -9?
-6
What is the value of (2 - 1) + -6 + 10?
5
Evaluate -7 + (-2 - -2) + (2 - 0).
-5
Calculate -4 - (-4 + (2 - 0) + 2).
-4
Evaluate 0 + -7 - (4 + -7).
-4
(16 - (-3 + -2 + 11)) + -7
3
Calculate -6 - ((-8 - 1) + (68 - 62)).
-3
Evaluate 1 - (-7 - -9 - -9).
-10
What is 5 - (-2 + 6) - 2?
-1
Calculate (14 + -21 - (-1 + -9)) + 5.
8
Calculate -1 + (4 - (11 - 10)).
2
Evaluate -3 - 8 - -13 - (-5 + 0).
7
What is the value of -6 - (-5 + -2) - 2?
-1
What is the value of (-6 - 5) + 1 + 5?
-5
Calculate (2 - (-2 + 3)) + (-15 - -13).
-1
What is the value of 0 + (-10 - -2) - (-17 - -1)?
8
8 - 1 - (-5 + 7)
5
Evaluate 5 + 6 + -10 + (-1 - -2).
2
Calculate (117 - 105) + 2 + -22.
-8
Evaluate 0 + -2 - (-4 + (3 - 6)).
5
Evaluate (-2 - -1 - (-2 - -1)) + 3.
3
What is 2 - -4 - 2 - (1 + 0)?
3
Evaluate -1 + (-7 - -7) + 6 + -7.
-2
What is the value of -4 - (-5 + (-3 - -6))?
-2
What is 0 + -1 - (-6 + (-2 - -2))?
5
5 - (-8 + 4 - -14) - -4
-1
What is (-2 - -9) + (-3 + 8 - 11)?
1
(-7 - (-20 + 8)) + 1
6
What is -1 + -8 + (2 - -2 - -1)?
-4
Evaluate 3 + -2 + 7 - (55 + -51).
4
Calculate 7 + 3 + (1 - 0) + -8.
3
Calculate (-10 - -2) + (-6 - -18).
4
What is -9 + 9 + -1 + 4?
3
Evaluate -12 - (6 + (-21 - -1) + 6).
-4
What is the value of -53 + 63 + (-2 - 3)?
5
Calculate -23 + 21 + (2 - 1 - 4).
-5
Evaluate (-4 - -3 - -5) + 1.
5
What is -1 - 0 - (112 + -108)?
-5
What is the value of -5 + (-2 - (-3 + -1))?
-3
What is the value of -5 + 3 + 5 + -5?
-2
What is the value of (0 + 4 - 5) + (-1 - 0)?
-2
1 - (-3 - -7 - -1)
-4
What is the value of -3 + (2 - (-3 + 0 - -1))?
1
-22 + (9 - (4 - 9))
-8
Calculate (9 - 8) + (-2 - (3 + -10)).
6
Calculate -1 + -1 + -18 + 22 + 4.
6
What is -3 + 3 + 0 - (5 + -1)?
-4
Calculate 5 + -5 + (6 - 2).
4
What is the value of -7 + (3 - -2) - -7?
5
Evaluate -4 + -1 + 22 + -10.
7
What is 1 + (1 - 4) + 4?
2
(10 - 0) + 261 + -267
4
(3 - (-6 - -1)) + 9 + -16
1
What is the value of (9 - 3) + -1 - 1?
4
What is 12 - ((5 - 1) + (8 - 9))?
9
What is the value of (-6 - -3) + 1 + (-1